 + (-58)/(-7). Suppose 5*r = -3*i + 11, 2*i + 4 = c. Let h be 8 + 1 + -1 + r + -1. What is the highest common factor of h and 8?
8
Let c = 8491 - 8172. Calculate the highest common factor of c and 31900.
319
Suppose 4*l - 619 = 88*w - 91*w, -4*w + 772 = 5*l. Calculate the highest common divisor of l and 46880.
160
Let r be (11/3 - 7)/((-4)/17064). Calculate the greatest common factor of r and 30.
30
Let k(l) = 5*l**3 - 5*l**2 + 4*l + 5. Let d be k(2). Calculate the greatest common factor of 748 and d.
11
Let f be (-1262)/(-12) + (10 - (-122)/(-12)). Calculate the highest common factor of 60 and f.
15
Suppose -d - 145 + 465 = -350. What is the greatest common divisor of d and 160?
10
Suppose -14*v + 121536 = 2*v. Calculate the greatest common divisor of 18 and v.
18
Suppose -q - 5*g = -6 - 23, 0 = 4*q - 4*g - 164. Let v = 44 - q. Suppose 206 + 674 = 11*b. Calculate the greatest common factor of b and v.
5
Let f be (1/(-3))/((-296)/96 - -3). Suppose f*m = -3*b + 79, 5*m - b = -3*b + 104. What is the highest common factor of 275 and m?
11
Suppose -14 = -2*y - 2*i, -284*y + 280*y = 2*i - 28. Let a be (-194)/(-4) - 2/(-4). What is the greatest common divisor of y and a?
7
Let d be -2 + 16 + 2 + -4. Let g(v) = -2*v + 116. Let z = -49 - -59. Let q be g(z). Calculate the greatest common factor of q and d.
12
Let q(o) = -6*o**3 + 4*o**2 + 2*o - 5. Let b be (13 - (-749)/(-49)) + 2/7. Let r be q(b). Calculate the greatest common factor of 165 and r.
55
Let v be ((-35500)/75)/(1 + (-141)/135). What is the greatest common divisor of 100 and v?
50
Let q(i) = -2*i + 2. Let j be q(-5). Suppose -25 = -7*d + 3. Calculate the highest common factor of j and d.
4
Let w(i) = 233*i**3 + i**2 + 6*i - 24. Let f be w(2). Calculate the greatest common divisor of 704 and f.
64
Let u = -57 - -60. Let n(l) = l**3 - 12*l**2 - 51*l - 7. Let s be n(16). What is the greatest common divisor of u and s?
3
Let s be -1 - ((-20)/(-10) - 243). What is the highest common divisor of 240 and s?
240
Let j(v) be the third derivative of 1/6*v**4 + 3*v**2 + 1/6*v**3 + 0*v + 0. Let s be j(2). Calculate the highest common factor of s and 99.
9
Suppose -m = m + 3*p - 43, 2*m - 18 = 2*p. Let o(v) = 22*v - m + 0 + 14*v - 30*v + 2*v**2. Let f be o(-7). What is the highest common factor of 126 and f?
42
Suppose 20*l + 43 + 37 = 0. Let x(y) = -y**3 + y**2 + 3*y + 16. Let a be x(l). Calculate the greatest common factor of a and 56.
28
Suppose 267 - 27 = 4*y. Suppose -2*b + 84 = -96. What is the highest common divisor of y and b?
30
Let j = 146 - 157. Let q be 8 + -11 - j*1 - -3. Calculate the greatest common divisor of 77 and q.
11
Let s = -58 + 31. Let a be (s/(-4))/((5/(-1))/(-100)). Calculate the highest common divisor of 45 and a.
45
Let h be (-7)/(-5) + (-6)/15. Let y be -2*h*(-548)/8. Let j = y + -96. What is the greatest common factor of 205 and j?
41
Suppose 0*x = y + 4*x - 2, 0 = 4*y - x + 26. Let d be y*(-3 - 9/(-6)). Suppose 0 = d*b - 126 - 360. What is the greatest common factor of 9 and b?
9
Let a be 2/6 - (-22)/6. Let o = 252 - 242. Suppose -200 = -o*r + 240. What is the greatest common factor of r and a?
4
Let v be (-159)/689 + 7/((-455)/(-319360)). What is the highest common divisor of 136 and v?
17
Let g be (-3440)/(-12) - 24/(-18). Suppose -18*u - 18 = -g. Calculate the greatest common divisor of u and 330.
15
Let s(c) = -3*c**2 + 26*c + 11. Let v be s(9). Suppose 0 = v*u - 5*g - 636, -7*g = -5*u - 2*g + 1605. What is the highest common factor of 17 and u?
17
Let h be -397*(17 + -19) - -11. Calculate the greatest common factor of 35 and h.
35
Let p be (1 - 5/2) + 2148/24. Suppose 5*l - 5*b = 225, -4*b - p = -5*l + 138. Calculate the highest common factor of 299 and l.
23
Suppose -104*j + 137280 = 52*j. Calculate the highest common factor of j and 50.
10
Let r(k) = -k + k**2 + 129 - 135 - 2*k. Let o be r(-2). Let j be 12/(o - 7) + 9 + -1. What is the greatest common divisor of 68 and j?
4
Suppose 522219 + 8773 = 154*t. What is the highest common factor of t and 16?
8
Let j = -28903 - -31814. What is the greatest common divisor of 71 and j?
71
Let x = 256230 - 256218. Let u be (-28)/6 + (-2)/6. Let c = -2 - u. What is the highest common divisor of c and x?
3
Let f = -3926 + 4346. What is the greatest common divisor of 1120 and f?
140
Let r = -888 - -5557. Calculate the highest common factor of r and 3248.
203
Let g(p) = 15*p**2 + 164*p + 3. Let l be g(-11). Calculate the highest common divisor of l and 742.
14
Let s = 62 + -14. Let j be (s/(-14))/(46/(-161)). Let m be (j + (1 - 1))/(38 + -37). What is the highest common factor of m and 8?
4
Suppose -50*l + 54*l = 4*b - 31288, 2*l = b - 7816. Calculate the highest common factor of b and 114.
38
Let z(h) = h**2 + 12*h - 1. Let l be ((-39)/12)/(2/8). Let s be z(l). Suppose -26 = -9*b + 28. What is the greatest common factor of s and b?
6
Let k = -16352 + 19527. What is the highest common divisor of k and 175?
25
Let r = -38 + 42. Suppose r*a = l + 18, 0*l = -l + a - 3. Let y be (l + 0)*(-18)/(-2). Calculate the highest common factor of y and 2.
2
Suppose 0*x = 5*x + 3*h - 528, x - 108 = -3*h. Let s = -37 + x. Calculate the greatest common factor of 85 and s.
17
Let i(g) = -15*g - 52. Let l be i(-6). Suppose -40*j + 598 = -l*j. What is the greatest common factor of 23 and j?
23
Let d = 79 + -69. Suppose 0 = 4*c - 10 - d, 2*w - 2*c = 2. Calculate the highest common divisor of 8 and w.
2
Suppose -15*u + 1474 + 656 = 0. Let d = u + 26. What is the greatest common factor of 42 and d?
42
Suppose z - 2 - 8 = 2*i, 15 = -3*i + 2*z. Let a = i - -9. Suppose 23*u - 20*u - 12 = 2*y, -5*u + 3*y = -20. Calculate the greatest common factor of a and u.
4
Let t = -89 - -53. Let o be -5 + 5 + (5 - 7)*t. Calculate the greatest common divisor of 36 and o.
36
Suppose -2*h = -3*j + 3*h + 441, -294 = -2*j - 3*h. Let u = 476880 - 476684. What is the greatest common divisor of j and u?
49
Let b be ((-12)/(-15))/2*(-22 - 8). Let f be -2*(-6)/b*-11 - 2. What is the highest common divisor of f and 75?
3
Let j(s) = s**3 + 13*s**2 - 73*s - 495. Let d be j(-15). Suppose 42 = i + 3*f, -5*f = -5*i + 25 + 205. Calculate the greatest common divisor of d and i.
15
Suppose 69632 + 128044 = -305*p + 339*p. What is the highest common divisor of p and 153?
153
Let w = -5120 - -6383. Calculate the greatest common factor of w and 6.
3
Let k = 85 - 77. Let u(s) = -9*s + k*s - 3 + 3 + 5*s**2. Let d be u(-3). Calculate the greatest common divisor of 12 and d.
12
Suppose -2*j + 0*j = 3*c - 39, 0 = -c + 1. Suppose -j*u - 11 = -19*u. Calculate the greatest common factor of 77 and u.
11
Suppose 214*d - 7157702 = -132*d. What is the highest common factor of 274 and d?
137
Suppose -5*k = 5*g - 4190, -5*k + 1669 = 4*g - 1689. What is the greatest common divisor of g and 91?
13
Suppose -m = -2*m - 2*d + 20, -2*d = -16. Let z(a) = 3*a**2 + 2*a + 1. Let g be z(-2). Calculate the greatest common factor of g and m.
1
Suppose 2*g = 2 + 28. Let x(p) = -p**3 + 17*p**2 - 17*p + 11. Let s be x(16). Let t be (-50)/(-8) - s/(-20). Calculate the greatest common divisor of t and g.
3
Suppose -11*t - 6*t + 425 = 0. Suppose 19 = 4*y - 1. Suppose f - 15 = -y*g + t, f + 3*g = 36. Calculate the greatest common divisor of 30 and f.
30
Let h be 16920/(-42) + -4 - (-2)/(-14). Let x = h - -413. What is the greatest common factor of x and 69?
3
Let r(w) = -27*w + 2363. Let q be r(80). Let c = 35 + -21. Calculate the highest common factor of c and q.
7
Suppose -8*g = -7*g - 7*s - 2231, 5*s = -3*g + 6823. What is the greatest common divisor of 88 and g?
22
Suppose 4*y = 12, -5*y = 3*r - 4996 + 211. Calculate the highest common divisor of r and 9.
3
Let j be 20/(-12)*(-900 - -105). What is the highest common factor of j and 371?
53
Let h = -30 + 63. Let r = h + -54. Let w be (5/(-3)*r/7)/1. What is the highest common divisor of 40 and w?
5
Suppose 4*q + 40 = -0*q. Let l = q - -15. Let u be 1 + 0/3*-1. What is the highest common divisor of l and u?
1
Let i be 4/(8/10) + 0/4. Suppose -i*o = -4*y - 233 + 26, -3*o = -2*y - 123. What is the highest common divisor of 273 and o?
39
Suppose -5*u + 114 = q, -5*q - 1 + 490 = -2*u. Suppose 4*c - 66 = -7*o + 5*o, -3*c + o = -57. Let r = -7 + c. Calculate the highest comm